inder when 4009 is divided by 160?
9
Calculate the remainder when 1557239 is divided by 52.
47
What is the remainder when 15169 is divided by 1164?
37
What is the remainder when 31785 is divided by 815?
0
What is the remainder when 8376 is divided by 1675?
1
What is the remainder when 863716 is divided by 23?
20
Calculate the remainder when 6375 is divided by 6364.
11
What is the remainder when 146711 is divided by 48898?
17
What is the remainder when 6199543 is divided by 52?
51
What is the remainder when 118679 is divided by 9128?
15
What is the remainder when 14194 is divided by 1175?
94
What is the remainder when 860290 is divided by 138?
136
Calculate the remainder when 61373 is divided by 10.
3
Calculate the remainder when 1397 is divided by 7.
4
Calculate the remainder when 9553 is divided by 134.
39
Calculate the remainder when 126495 is divided by 51.
15
What is the remainder when 6806 is divided by 6?
2
What is the remainder when 3639 is divided by 121?
9
Calculate the remainder when 25245 is divided by 6301.
41
What is the remainder when 37566 is divided by 1633?
7
What is the remainder when 300769 is divided by 37?
33
What is the remainder when 26158 is divided by 969?
964
Calculate the remainder when 64857 is divided by 64.
25
What is the remainder when 4333 is divided by 138?
55
Calculate the remainder when 85165 is divided by 23.
19
Calculate the remainder when 7977 is divided by 189.
39
What is the remainder when 7781 is divided by 432?
5
Calculate the remainder when 169966 is divided by 10.
6
What is the remainder when 381 is divided by 377?
4
Calculate the remainder when 30613 is divided by 344.
341
Calculate the remainder when 735 is divided by 630.
105
What is the remainder when 80782 is divided by 459?
457
What is the remainder when 99941 is divided by 39?
23
Calculate the remainder when 303339 is divided by 163.
159
Calculate the remainder when 351796 is divided by 29.
26
What is the remainder when 8594 is divided by 44?
14
Calculate the remainder when 54950 is divided by 89.
37
Calculate the remainder when 4459 is divided by 890.
9
Calculate the remainder when 1686 is divided by 127.
35
What is the remainder when 2845 is divided by 818?
391
Calculate the remainder when 55299 is divided by 79.
78
What is the remainder when 674354 is divided by 213?
209
Calculate the remainder when 24316 is divided by 16.
12
Calculate the remainder when 33760 is divided by 158.
106
Calculate the remainder when 1673968 is divided by 341.
340
Calculate the remainder when 37965 is divided by 7.
4
What is the remainder when 26225 is divided by 380?
5
Calculate the remainder when 7688 is divided by 511.
23
Calculate the remainder when 502660 is divided by 19.
15
What is the remainder when 197 is divided by 177?
20
What is the remainder when 667083 is divided by 667072?
11
Calculate the remainder when 11489 is divided by 2861.
45
Calculate the remainder when 189 is divided by 127.
62
Calculate the remainder when 3002 is divided by 171.
95
Calculate the remainder when 73116 is divided by 9139.
4
Calculate the remainder when 7068 is divided by 208.
204
Calculate the remainder when 272161 is divided by 689.
6
What is the remainder when 102483 is divided by 102457?
26
Calculate the remainder when 30008 is divided by 21.
20
Calculate the remainder when 20347 is divided by 10116.
115
What is the remainder when 1049 is divided by 54?
23
Calculate the remainder when 363085 is divided by 60512.
13
Calculate the remainder when 5679 is divided by 2832.
15
What is the remainder when 1470 is divided by 48?
30
Calculate the remainder when 67716 is divided by 2416.
68
What is the remainder when 15734 is divided by 254?
240
Calculate the remainder when 872 is divided by 96.
8
What is the remainder when 175363 is divided by 43833?
31
What is the remainder when 5671 is divided by 69?
13
Calculate the remainder when 31971 is divided by 784.
611
Calculate the remainder when 541619 is divided by 180536.
11
What is the remainder when 10467 is divided by 57?
36
What is the remainder when 54515 is divided by 59?
58
What is the remainder when 6805 is divided by 343?
288
What is the remainder when 8209 is divided by 8168?
41
Calculate the remainder when 3301 is divided by 1635.
31
What is the remainder when 2130130 is divided by 3?
1
Calculate the remainder when 78054 is divided by 15.
9
Calculate the remainder when 952 is divided by 313.
13
What is the remainder when 5658 is divided by 977?
773
Calculate the remainder when 887 is divided by 170.
37
Calculate the remainder when 1709116 is divided by 980.
976
What is the remainder when 11178 is divided by 3?
0
What is the remainder when 192221 is divided by 586?
13
What is the remainder when 2263138 is divided by 495?
493
Calculate the remainder when 13719 is divided by 2724.
99
What is the remainder when 163534 is divided by 48?
46
What is the remainder when 150813 is divided by 35?
33
Calculate the remainder when 33988 is divided by 2427.
10
What is the remainder when 14412 is divided by 14410?
2
Calculate the remainder when 172202 is divided by 61.
60
Calculate the remainder when 53 is divided by 40.
13
Calculate the remainder when 204 is divided by 180.
24
What is the remainder when 16238 is divided by 140?
138
Calculate the remainder when 4560 is divided by 4560.
0
Calculate the remainder when 518080 is divided by 37005.
10
Calculate the remainder when 1007 is divided by 190.
57
What is the remainder when 31115 is divided by 40?
35
What is the remainder when 7952 is divided by 531?
518
What is the remainder when 1583 is divided by 16?
15
What is the remainder when 9380 is divided by 33?
8
What is the remainder when 821369 is divided by 15?
14
Calculate the remainder when 9090 is divided by 326.
288
What is the remainder when 25846 is divided by 12538?
770
Calculate the remainder when 1013967 is divided by 10.
7
Calculate the remainder when 4009 is divided by 98.
89
What is the remainder when 21843 is divided by 17?
15
Calculate the remainder when 36449 is divided by 12031.
356
What is the remainder when 8965 is divided by 70?
5
What is the remainder when 2269 is divided by 44?
25
Calculate the remainder when 10959 is divided by 346.
233
What is the remainder when 9036 is divided by 1601?
1031
What is the remainder when 55536 is divided by 51?
48
What is the remainder when 6598 is divided by 6488?
110
Calculate the remainder when 50456 is divided by 205.
26
Calculate the remainder when 856 is divided by 157.
71
What is the remainder when 2910 is divided by 46?
12
Calculate the remainder when 7614 is divided by 1519.
19
What is the remainder when 2854 is divided by 434?
250
Calculate the remainder when 6595 is divided by 955.
865
What is the remainder when 6213 is divided by 189?
165
Calculate the remainder when 26061 is divided by 916.
413
Calculate the remainder when 12800 is divided by 42.
32
Calculate the remainder when 40749 is divided by 67.
13
What is the remainder when 9037 is divided by 80?
77
Calculate the remainder when 3115 is divided by 136.
123
What is the remainder when 2564 is divided by 845?
29
What is the remainder when 339 is divided by 269?
70
What is the remainder when 35098 is divided by 501?
28
What is the remainder when 50415 is divided by 16790?
45
Calculate the remainder when 8782 is divided by 1747.
47
What is the remainder when 5247 is divided by 5125?
122
What is the remainder when 84432 is divided by 804?
12
Calculate the remainder when 1815 is divided by 228.
219
What is the remainder when 173544 is divided by 1157?
1151
What is the remainder when 95694 is divided by 66?
60
Calculate the remainder when 106667 is divided by 46.
39
What is the remainder when 8780 is divided by 7734?
1046
Calculate the remainder when 48160 is divided by 413.
252
Calculate the remainder when 12256 is divided by 341.
321
What is the remainder when 199472 is divided by 54?
50
What is the remainder when 26938 is divided by 13434?
70
What is the remainder when 183584 is divided by 218?
28
Calculate the remainder when 26312 is divided by 147.
146
What is the remainder when 19107 is divided by 125?
107
Calculate the remainder when 17311 is divided by 20.
11
Calculate the remainder when 930268 is divided by 32.